{"id":1395,"date":"2022-02-12T16:51:08","date_gmt":"2022-02-12T16:51:08","guid":{"rendered":"http:\/\/josehuerta.fr\/?page_id=1395"},"modified":"2022-02-12T16:52:19","modified_gmt":"2022-02-12T16:52:19","slug":"biographie","status":"publish","type":"page","link":"http:\/\/josehuerta.fr\/?page_id=1395","title":{"rendered":"Biographie"},"content":{"rendered":"\n<p>Je r\u00e9alise des films documentaires depuis de nombreuses ann\u00e9es. \u00c0 travers mes films, je questionne les effets de la mondialisation : impact de l\u2019\u00e9conomie ultralib\u00e9rale sur les plus faibles, d\u00e9fense des droits de l\u2019homme et des questions environnementales. Je collabore r\u00e9guli\u00e8rement avec des associations de solidarit\u00e9 internationale, notamment avec le CCFD-Terre Solidaire et la F\u00e9d\u00e9ration Artisans du Monde, avec qui j&rsquo;entretiens des rapports de confiance . Je r\u00e9alise \u00e9galement des films documentaires aux formats longs pour la t\u00e9l\u00e9vision sur des sujets sociaux et culturels.\u00a0J&rsquo;ai r\u00e9alis\u00e9 de nombreux films en Am\u00e9rique du Sud (Br\u00e9sil, Bolivie, P\u00e9rou, Colombie) ainsi qu&rsquo;en Afrique (S\u00e9n\u00e9gal, B\u00e9nin, Guin\u00e9e Conakry, Madagascar).<\/p>\n","protected":false},"excerpt":{"rendered":"<p>Je r\u00e9alise des films documentaires depuis de nombreuses ann\u00e9es. \u00c0 travers mes films, je questionne les effets de la mondialisation : impact de l\u2019\u00e9conomie ultralib\u00e9rale sur les plus faibles, d\u00e9fense des droits de l\u2019homme et des questions environnementales. Je collabore r\u00e9guli\u00e8rement avec des associations de solidarit\u00e9 internationale, notamment avec le CCFD-Terre Solidaire et la F\u00e9d\u00e9ration [&hellip;]<\/p>\n","protected":false},"author":1,"featured_media":584,"parent":0,"menu_order":0,"comment_status":"closed","ping_status":"closed","template":"","meta":{"footnotes":""},"class_list":["post-1395","page","type-page","status-publish","has-post-thumbnail","hentry"],"_links":{"self":[{"href":"http:\/\/josehuerta.fr\/index.php?rest_route=\/wp\/v2\/pages\/1395","targetHints":{"allow":["GET"]}}],"collection":[{"href":"http:\/\/josehuerta.fr\/index.php?rest_route=\/wp\/v2\/pages"}],"about":[{"href":"http:\/\/josehuerta.fr\/index.php?rest_route=\/wp\/v2\/types\/page"}],"author":[{"embeddable":true,"href":"http:\/\/josehuerta.fr\/index.php?rest_route=\/wp\/v2\/users\/1"}],"replies":[{"embeddable":true,"href":"http:\/\/josehuerta.fr\/index.php?rest_route=%2Fwp%2Fv2%2Fcomments&post=1395"}],"version-history":[{"count":1,"href":"http:\/\/josehuerta.fr\/index.php?rest_route=\/wp\/v2\/pages\/1395\/revisions"}],"predecessor-version":[{"id":1396,"href":"http:\/\/josehuerta.fr\/index.php?rest_route=\/wp\/v2\/pages\/1395\/revisions\/1396"}],"wp:featuredmedia":[{"embeddable":true,"href":"http:\/\/josehuerta.fr\/index.php?rest_route=\/wp\/v2\/media\/584"}],"wp:attachment":[{"href":"http:\/\/josehuerta.fr\/index.php?rest_route=%2Fwp%2Fv2%2Fmedia&parent=1395"}],"curies":[{"name":"wp","href":"https:\/\/api.w.org\/{rel}","templated":true}]}}